f 928 and 544?
32
What is the highest common divisor of 8981 and 7?
7
Calculate the greatest common factor of 728 and 32.
8
What is the highest common divisor of 1452 and 594?
66
What is the greatest common factor of 50 and 120?
10
What is the highest common factor of 3045 and 87?
87
Calculate the greatest common factor of 18 and 8.
2
Calculate the highest common divisor of 270 and 42030.
90
Calculate the highest common factor of 4 and 292.
4
What is the greatest common divisor of 230 and 5888?
46
What is the highest common factor of 50 and 70?
10
What is the greatest common divisor of 272 and 80?
16
What is the highest common factor of 13520 and 80?
80
What is the greatest common factor of 361 and 19?
19
Calculate the highest common factor of 35 and 9415.
35
What is the greatest common factor of 4017 and 2472?
309
Calculate the greatest common factor of 147 and 2688.
21
Calculate the greatest common divisor of 4304 and 96.
16
Calculate the greatest common divisor of 402 and 6.
6
Calculate the greatest common divisor of 312 and 48.
24
What is the greatest common divisor of 33 and 3641?
11
What is the highest common factor of 7582 and 1338?
446
Calculate the greatest common factor of 5 and 515.
5
Calculate the highest common divisor of 5048 and 72.
8
Calculate the highest common factor of 84 and 1356.
12
Calculate the greatest common factor of 3096 and 432.
72
What is the highest common factor of 365 and 8103?
73
What is the greatest common divisor of 736 and 8?
8
What is the highest common divisor of 17 and 425?
17
What is the highest common divisor of 27 and 2043?
9
What is the greatest common divisor of 104 and 2171?
13
Calculate the greatest common factor of 440 and 1408.
88
Calculate the highest common factor of 131 and 9.
1
What is the highest common factor of 385 and 1295?
35
Calculate the highest common divisor of 4607 and 34.
17
Calculate the highest common divisor of 3 and 53.
1
Calculate the highest common divisor of 2191 and 28.
7
Calculate the highest common divisor of 116 and 174.
58
What is the highest common divisor of 10 and 95?
5
What is the highest common divisor of 868 and 7161?
217
What is the greatest common factor of 475 and 22135?
95
Calculate the greatest common divisor of 38 and 6802.
38
What is the highest common divisor of 57 and 38?
19
Calculate the greatest common divisor of 88 and 1352.
8
Calculate the greatest common factor of 1885 and 29.
29
Calculate the greatest common factor of 4230 and 450.
90
Calculate the highest common factor of 146 and 38.
2
Calculate the highest common divisor of 166 and 2241.
83
Calculate the highest common factor of 63132 and 12.
12
Calculate the greatest common divisor of 264 and 96.
24
Calculate the highest common factor of 106 and 4.
2
What is the highest common divisor of 48 and 102?
6
What is the greatest common divisor of 5 and 35?
5
Calculate the highest common divisor of 30 and 7380.
30
Calculate the greatest common factor of 390 and 156.
78
Calculate the greatest common divisor of 25158 and 42.
42
What is the greatest common factor of 40 and 30?
10
What is the greatest common factor of 12 and 15744?
12
What is the highest common divisor of 64 and 1184?
32
Calculate the highest common factor of 1590 and 10.
10
Calculate the greatest common factor of 14 and 350.
14
What is the greatest common divisor of 80 and 3056?
16
What is the greatest common divisor of 3 and 10140?
3
Calculate the greatest common divisor of 26 and 637.
13
What is the greatest common factor of 284 and 1846?
142
What is the highest common factor of 384 and 4416?
192
Calculate the highest common factor of 1537 and 53.
53
Calculate the greatest common divisor of 170 and 306.
34
Calculate the greatest common divisor of 255 and 4131.
51
Calculate the highest common divisor of 29 and 58.
29
What is the greatest common divisor of 494 and 608?
38
Calculate the highest common factor of 4515 and 420.
105
Calculate the greatest common divisor of 10 and 610.
10
What is the highest common factor of 72 and 6?
6
What is the highest common divisor of 3447 and 189?
9
Calculate the highest common divisor of 1651 and 635.
127
Calculate the greatest common divisor of 53 and 530.
53
What is the greatest common factor of 56 and 4676?
28
Calculate the greatest common factor of 460 and 50.
10
What is the greatest common divisor of 47341 and 7?
7
What is the greatest common divisor of 19111 and 29?
29
What is the greatest common divisor of 120 and 170?
10
Calculate the highest common divisor of 429 and 13.
13
What is the highest common divisor of 39 and 51?
3
Calculate the greatest common factor of 171 and 399.
57
Calculate the highest common divisor of 217 and 31.
31
Calculate the greatest common divisor of 134 and 4154.
134
What is the greatest common divisor of 889 and 381?
127
What is the greatest common divisor of 17 and 1751?
17
Calculate the highest common divisor of 459 and 204.
51
Calculate the greatest common divisor of 23381 and 309.
103
Calculate the highest common factor of 93 and 7099.
31
What is the highest common factor of 63 and 3136?
7
What is the highest common factor of 6 and 1167?
3
Calculate the greatest common divisor of 1200 and 75.
75
What is the highest common divisor of 70 and 245?
35
What is the greatest common factor of 4635 and 45?
45
Calculate the greatest common divisor of 126 and 168.
42
Calculate the highest common divisor of 462 and 42.
42
What is the highest common factor of 42 and 20013?
21
What is the highest common factor of 62 and 1147?
31
Calculate the greatest common divisor of 1037 and 61.
61
Calculate the highest common factor of 543 and 724.
181
What is the highest common divisor of 42 and 5376?
42
Calculate the greatest common divisor of 360 and 234.
18
What is the greatest common factor of 12160 and 190?
190
Calculate the greatest common divisor of 10 and 2645.
5
Calculate the highest common factor of 912 and 57.
57
What is the highest common divisor of 46 and 736?
46
What is the highest common divisor of 38 and 209?
19
Calculate the highest common divisor of 17 and 153.
17
What is the greatest common divisor of 1089 and 9?
9
What is the greatest common divisor of 113506 and 58?
58
What is the highest common factor of 288 and 32?
32
What is the highest common divisor of 14 and 12908?
14
What is the highest common factor of 4 and 8464?
4
Calculate the highest common divisor of 11522 and 7.
7
What is the greatest common divisor of 102 and 138?
6
Calculate the greatest common divisor of 3397 and 86.
43
What is the greatest common factor of 217 and 62?
31
Calculate the greatest common factor of 629 and 68.
17
Calculate the greatest common divisor of 68 and 850.
34
Calculate the greatest common divisor of 4 and 1.
1
What is the highest common factor of 145 and 9280?
145
What is the greatest common divisor of 67 and 1809?
67
What is the greatest common divisor of 7 and 511?
7
What is the greatest common divisor of 30 and 624?
6
What is the greatest common divisor of 2 and 86?
2
What is the highest common divisor of 405 and 2511?
81
What is the greatest common factor of 762 and 6350?
254
What is the greatest common factor of 388 and 4?
4
What is the highest common factor of 105 and 195?
15
What is the highest common factor of 14 and 77?
7
Calculate the highest common divisor of 390 and 78.
78
What is the highest common factor of 629 and 17?
17
Calculate the greatest common factor of 16536 and 104.
104
What is the greatest common divisor of 147 and 931?
49
Calculate the greatest common divisor of 12 and 534.
6
What is the highest common factor of 35920 and 80?
80
What is the greatest common factor of 160 and 1040?
80
What is the greatest common factor of 212 and 36358?
106
What is the highest common factor of 913 and 166?
83
Calculate the greatest common factor of 220 and 10450.
110
Calculate the greatest common divisor of 5 and 25.
5
Calculate the greatest common factor of 28 and 14.
14
What is the greatest common divisor of 272 and 306?
34
Calculate the greatest common factor of 36 and 9564.
12
What is the greatest common divisor of 48 and 204?
12
Calculate the highest common factor of 7 and 5432.
7
What is the highest common divisor of 2394 and 378?
126
What is the greatest common fact